*z + 2. Let s be w(z). Calculate the highest common factor of 21 and s.
21
Let d be 1/((-129)/66 + 2). Let r(o) = o**2 - 22*o + 48. Let y be r(d). Calculate the highest common divisor of y and 12.
12
Let r(y) be the second derivative of 10*y**3/3 - 8*y. Let g be r(2). Calculate the greatest common factor of 5 and g.
5
Let j = 26 + -10. Let q(t) = -40*t - 168. Let m be q(-5). Calculate the greatest common divisor of m and j.
16
Suppose -53*g + 33 = -52*g. Let l = -245 - -377. What is the highest common divisor of l and g?
33
Let t(i) = 40*i**2 - i - 2. Let u = -60 - -59. Let d be t(u). Suppose 2*s = -5*v + 148 - 8, v - 2*s = 16. Calculate the greatest common divisor of v and d.
13
Suppose -6*b = -9*b + 96. Suppose 227 = 2*n - 5*j - 0*j, 2*n + 5*j - 257 = 0. Let p = n - 73. What is the highest common divisor of b and p?
16
Suppose 12 = -3*s, n = -s + 240 + 17. What is the greatest common factor of n and 29?
29
Let y(i) = i**2 + i - 6. Let g be y(5). Let v = -18 + g. Suppose 3*n - v*n = -66. What is the greatest common factor of 22 and n?
22
Let y = 4 + 1. Suppose 130 = 3*p - 5*i, -2*p + 3*i = 3 - 90. Calculate the highest common divisor of p and y.
5
Suppose 214 + 446 = 3*s. Let y(j) = -j + 3. Let z be y(-2). Suppose z*t - 61 = 39. Calculate the greatest common divisor of s and t.
20
Suppose 4*h = 4*u - 132, 0*h = 5*u - 3*h - 171. What is the greatest common factor of 18 and u?
18
Suppose 2*s + 66 = 7*s + 3*h, -4*h - 27 = -s. Suppose -i - 5*l - s = -4*i, 0 = l + 3. Suppose i = -2*x - x + 132. What is the greatest common factor of x and 4?
4
Suppose 5 = 7*n - 6*n. Suppose -2*a + 4*m - 6 = 0, n*a - a + 4 = 4*m. Let d be (-16)/4 + (a - -35). What is the highest common divisor of d and 4?
4
Suppose 0 = -v + 4*q + 5, -2*v = q - 21 - 7. Suppose k + 35 + v = 2*c, 5*k + 130 = 5*c. Calculate the highest common factor of 242 and c.
22
Suppose -3*c = 0, -4*h - 3*c + 4*c = -104. Calculate the greatest common factor of 26 and h.
26
Let a(m) = 8*m. Let p be a(1). Let h(z) = z**2 - 10*z + 8. Let y be h(p). Let s be y*2/4*-2. Calculate the greatest common factor of 12 and s.
4
Let h(o) = 8*o + 14. Let j be h(-6). Let c be -1 + j/2*-2. Suppose 6*r = 3*r + c. Calculate the highest common factor of r and 1.
1
Let u = 501 - 500. Suppose p = -5*j + 2*j + 7, 5*p + 4 = -2*j. Let o be (-1)/(-3) + p/(-3). Calculate the greatest common divisor of o and u.
1
Suppose 115*h - 37*h = 25194. What is the highest common divisor of h and 34?
17
Suppose l - 4*f - 4 = 0, -4*f = -2 - 6. Suppose 4*j + 1875 = 9*j. Let q = -243 + j. Calculate the highest common factor of l and q.
12
Let x(b) = -2*b**3 + 17*b**2 - 2*b - 10. Let s be x(8). Calculate the highest common divisor of s and 1216.
38
Suppose -26 = -14*h + 16. What is the greatest common factor of h and 23?
1
Suppose 0 = -5*m - m + 420. Let u = -46 + m. What is the greatest common factor of u and 6?
6
Suppose 4*o + 69 = 489. Suppose -o = -4*f + 3*f. Calculate the highest common factor of 42 and f.
21
Suppose -11*n + 154 = -4*n. Let d be (n/(-10) - -1)/((-2)/115). What is the highest common divisor of d and 23?
23
Let g be 4*3/24*-6. Let c be (-5 - 2) + g/1. Let m(y) = -9*y + 14. Let p be m(c). Calculate the highest common divisor of 13 and p.
13
Let w = 150 - 137. What is the highest common divisor of 39 and w?
13
Let w = -27 + 29. Let k be 244 + w + 2 + -3. Suppose 3*o + 4*o = k. What is the highest common divisor of o and 14?
7
Let w(f) be the third derivative of f**4/12 - f**3 + 22*f**2. Let k be w(10). Calculate the greatest common factor of k and 28.
14
Let v be (-63)/(-27) - (-1)/(-3). Suppose v*y = -3*y + 2*w + 54, -30 = -2*y + 5*w. What is the highest common divisor of 90 and y?
10
Let g = 662 - 617. What is the highest common factor of 85 and g?
5
Suppose -1 = 8*y - 9. Calculate the highest common factor of y and 23.
1
Let l be 342/9*(-1)/(-2). Suppose 36 = -13*z + l*z. Calculate the greatest common divisor of 3 and z.
3
Let z be (-7)/14*(-3 + 3). Suppose z = 3*m - 4*m + 2, 5*v = -m + 152. Suppose 9*i = 4*i + 50. What is the greatest common factor of v and i?
10
Let p be 9 - 6 - (1 + 0). Suppose -p*c = 5*n - 0*c - 31, -2*c = -3*n + 25. What is the greatest common divisor of 35 and n?
7
Let g = -39 - -64. Let y be ((-150)/(-8))/(570/760). What is the greatest common divisor of y and g?
25
Let r be 5/((-15)/(-9)) - -33. Let s = 0 + 5. Suppose 0 = -i + s*c + 12 + 12, -4*i = 4*c. What is the greatest common factor of i and r?
4
Let s be (-5 + 112/(-80))/((-2)/5). Calculate the highest common divisor of 584 and s.
8
Let q(x) = 61*x - 92. Let s be q(8). What is the highest common factor of s and 72?
36
Suppose 0 = -0*l - 4*l + 32. Suppose 9*m = 7*m + l. What is the highest common divisor of m and 2?
2
Let r be (-16)/(-5 - 106/(-22)) + -7. What is the greatest common factor of 1377 and r?
81
Let k(h) = 5*h**2 + 2*h - 2. Let a be k(1). Suppose -w + 5*w + 4*n - 1096 = 0, 2*w + a*n = 560. What is the highest common divisor of 30 and w?
30
Let s be (33/44)/(3/480). What is the greatest common factor of 8 and s?
8
Suppose -5*t + 3*t + 8 = n, 3*t - 2 = n. Suppose -t*c + 4 = -6. Suppose -3*q = -7*q - 5*v - 11, -c*v = -q + 16. What is the greatest common factor of q and 2?
1
Suppose 0 = -3*h + 2*j + 13, 2*h + 6*j - j + 23 = 0. Calculate the greatest common divisor of h and 8.
1
Let a be ((-1638)/585)/(2/(-10)). Let z(q) = 32*q + 2. Let n = 8 - 5. Let d be z(n). What is the highest common factor of a and d?
14
Let z(q) = q + 13. Let f be z(11). Let x(l) = -29*l - 6. Let s be x(-6). Calculate the greatest common factor of f and s.
24
Let j = -367 - -395. What is the highest common divisor of j and 112?
28
Let u be -6*(15/9 - 1). Let c(w) = 9*w**2 + 7*w + 5. Let m be c(u). Suppose i - 3*a - 4 = 2*i, -5*a - 25 = 0. What is the greatest common divisor of i and m?
11
Let f = -996 - -1192. What is the highest common factor of 238 and f?
14
Let i(a) = -a + 3. Let q be i(1). Suppose 3*v = q*g + g + 15, 5*v - 13 = g. What is the highest common divisor of v and 2?
2
Let p be -4*(22/(-8) + 2). Suppose -221 = p*s + 5*j + 183, 3*s = -3*j - 402. Let y be (s - 1)*-1 + 2. What is the highest common factor of 17 and y?
17
Let k(p) = -p**3 - 7*p**2 - 17*p - 7. Let v be k(-4). Calculate the greatest common divisor of v and 247.
13
Suppose f = 3*d - 799, -d - 6*f = -f - 261. Calculate the greatest common divisor of d and 190.
38
Let q be 8/4 + 3/1. What is the highest common divisor of 5 and q?
5
Suppose 10*t = 932 + 1868. What is the greatest common factor of t and 168?
56
Let m = 40 + -16. Let k(q) = -6*q**2 + 124*q + 16. Let j be k(20). What is the highest common factor of j and m?
24
Suppose 0*r + r + 4 = 0. Let i(s) = 18*s + 8. Let v be i(r). Let x be 9 - 8 - (1 + v). Calculate the greatest common divisor of 16 and x.
16
Let s be (-2815)/(-8) - ((-9)/8)/9. What is the highest common divisor of 11 and s?
11
Let a(b) = -3*b + 7 + 20 - 14. Let r be a(7). Let c be (18/(-6))/(3/r). What is the highest common factor of 88 and c?
8
Let a be 87/(-9) - (-4)/6. Let k be 2/a - 112/(-18). Let n(g) = -117*g - 1110. Let p be n(-10). Calculate the highest common factor of p and k.
6
Suppose -4*o - 9 = -3*p + 268, p = -5*o + 105. What is the greatest common divisor of 10 and p?
5
Let o(n) = -2*n. Let c be o(1). Suppose 5*v = 4*f - 1165, v + 0*v = f - 232. Let r be v/(-12) + c/(-8). What is the highest common divisor of 220 and r?
20
Let u = -30 - -126. Suppose -16 = g + h - u, -2*g - h + 157 = 0. Suppose 30*z = -9 + 219. What is the highest common divisor of z and g?
7
Let t = -1432 - -1447. Calculate the highest common divisor of t and 120.
15
Let a be (-1)/(1 - (-15)/(-10)). Suppose 5*q - 7*d - 255 = -2*d, -a*d = 0. What is the greatest common divisor of 17 and q?
17
Suppose 0*d - k = 5*d - 65, 0 = 5*d - 3*k - 45. Suppose d*t - 13*t = -2. Calculate the greatest common divisor of t and 10.
2
Let i(b) = -b**3 + 5*b**2 + 6*b + 2. Let m be i(6). Suppose t + m = 37. What is the highest common divisor of t and 5?
5
Suppose 32*m + 8 = 36*m. Suppose -m*u + 58 = s, 2*u + 11 = s - 27. Calculate the highest common divisor of s and 6.
6
Let m = -1284 + 1516. Calculate the greatest common divisor of m and 8.
8
Let i be ((-15)/21)/(9/(-63)). What is the highest common div